v - 168 = 0. Calculate the remainder when v is divided by p.
18
Suppose 3*w - 6 = -0, 2*w + 1 = 5*q. Suppose 5*t - c = 20, 5*t - 2*t + 3*c = -6. Suppose 2*y - t*y + 1 = 0. Calculate the remainder when y is divided by q.
0
Let v(r) = r**3 + r**2 + 3*r - 4. What is the remainder when 67 is divided by v(2)?
11
Let c = 17 - 2. Suppose -4*l + c = l. Calculate the remainder when (-2)/4 + 17/2 is divided by l.
2
Calculate the remainder when (-1 + -70 + -4)/(-1) is divided by 19.
18
Let r = 6 - 7. Let c = r + 4. Calculate the remainder when c is divided by 1.
0
Suppose -9*x + 590 = x. Calculate the remainder when x is divided by 12.
11
Let h(u) = -4*u + 6. Calculate the remainder when h(-6) is divided by 11 + -1 + 0 + -2.
6
Let q(v) = 6*v**2 - 2*v - 3. What is the remainder when q(3) is divided by 12?
9
Let j = 6 - 9. Calculate the remainder when 12 is divided by ((-1)/j)/(3/45).
2
Suppose -9*d + 7 = -2*d. What is the remainder when 3 is divided by d?
0
Let o = -28 + 36. What is the remainder when 22 is divided by o?
6
Suppose -3*t - t = 4*l + 8, 5*l + 3*t = -10. Let b = 0 - -6. Let i = l + b. What is the remainder when i is divided by 2?
0
Let n = -10 + 15. What is the remainder when 17 is divided by n?
2
Let z = -1 - -16. What is the remainder when 29 is divided by z?
14
Suppose m = 57 + 3. Suppose p - m = -2*p. Suppose -t - 18 = -5*f, 4*t - 55 = -t - 4*f. Calculate the remainder when p is divided by t.
6
Suppose 3*b = -5*x - 2, -3*x + 2*b + 10 + 4 = 0. What is the remainder when ((-39)/x)/(5/(-10)) is divided by 10?
9
Let o be (-20)/(-25) - (-22)/10. Suppose 5*q - 9 = -5*c + 16, -q = -c + o. Calculate the remainder when (-30)/(-4)*4/6 is divided by c.
1
Suppose -5 - 3 = -2*q. Let x be ((-4)/12*-9)/(-1). Calculate the remainder when q is divided by 15/5 + x + 3.
1
Let j(x) = 2*x. Suppose 8 = l + 3*l. Suppose -l*n + 10 - 2 = 2*h, n = 1. Calculate the remainder when j(4) is divided by h.
2
Suppose 3*b - g - 2*g - 351 = 0, -3*g = -15. What is the remainder when b is divided by 41?
40
Let l = -38 + 66. Suppose -5*w = -103 + l. What is the remainder when 27 is divided by w?
12
Let v = -8 + 13. What is the remainder when 19 is divided by (v/(-3))/((-2)/6)?
4
Let j(o) = o - o**2 - 3*o**2 + 3*o**2. Let y be j(1). Suppose y = 2*t + 3*t - 15. Calculate the remainder when 5 is divided by t.
2
Let b(y) = -y + 12. Let w(m) = 6. Let p(z) = -2*b(z) + 5*w(z). What is the remainder when 35 is divided by p(6)?
17
Let h = 2 - 1. Let g be h + 0 + -29 + 2. Let z = 40 + g. Calculate the remainder when z is divided by 5.
4
Let u(m) = 4*m + 37. Calculate the remainder when u(14) is divided by 26.
15
Let w = 7 - -7. Let u = 1 - 3. Calculate the remainder when (u/3)/((-2)/120) is divided by w.
12
Let h(q) = 144*q**2 + q. Suppose -12 = -2*v + m - 6*m, 2*v - 2*m = -2. What is the remainder when h(v) is divided by 37?
34
Calculate the remainder when 23 is divided by 20/(-4) + 4 + 14.
10
Suppose -4*r + 326 = 106. Let c(d) = 4*d**2 + 3*d + 4. Let z be c(-4). Suppose 4*n - 4 + 46 = 2*h, 3*h + n = z. What is the remainder when r is divided by h?
17
Let d = -30 + 43. Calculate the remainder when (3/9)/((-3)/(-207)) is divided by d.
10
Let r = 103 + -66. Let h(l) = -l**2 + 7*l - 7. Let m be h(5). Suppose m*u - r = 2*u. Calculate the remainder when u is divided by 13.
11
Let y = 26 - -2. Calculate the remainder when 54 is divided by y.
26
Suppose -41 - 49 = -5*i. Suppose -3*a = 3*p + p - i, 2*a + 2*p = 14. Let b(r) = 2*r + 33. What is the remainder when b(-2) is divided by a?
9
Let p = 0 + -1. Suppose z + 55 = 9*s - 4*s, 0 = 2*z. Calculate the remainder when s is divided by (0 + 9 - 2) + p.
5
Suppose 4*p + 5 = -p, 4*p - 158 = -3*i. What is the remainder when i is divided by 19?
16
Suppose u - 6*u + 255 = 0. Suppose 0 = -5*j + 5*n - 265, j - n + u = n. Let k = -34 - j. What is the remainder when k is divided by 11?
10
Suppose 0 = 7*s - 3*s - 2*w - 54, 3*s = -4*w + 35. Calculate the remainder when s is divided by (-2)/6 - 26/(-6).
1
Suppose -g + 20 = -5*t, 3*t - 4*g - 16 = -9*g. Calculate the remainder when 4*(t + (-2 - -11)) is divided by 13.
11
Let l(h) = -15*h - 3. Let a be l(3). What is the remainder when 2 - 6/2 - a is divided by 12?
11
Suppose 5*v - 300 = -0*v. Suppose y - 23 = -y - r, -5*y - 2*r = -v. Calculate the remainder when 40 is divided by y.
12
Let h(u) = 2*u**2 + 18*u. Calculate the remainder when 46 is divided by h(-10).
6
Let j = 0 + 5. Let w = 0 + 8. Calculate the remainder when w is divided by j.
3
Let w = -1 + 3. Calculate the remainder when 30 is divided by w/(-7) - 456/(-28).
14
Suppose -2*r + 5*m = r - 4, -3 = -2*r + 3*m. Calculate the remainder when 6 is divided by r.
0
Let z be (-9)/(-6)*(-1 - 5). Let v be 21*(-3)/z*8. Suppose -y - y = -3*o - 36, -5*y - o + v = 0. Calculate the remainder when 34 is divided by y.
10
Let d = 18 + -14. What is the remainder when 2/(-4) + (-45)/(-6) is divided by d?
3
Let c(d) = -7*d. Let r(w) = w**3 + 3*w**2 + 2*w + 3. Suppose 3*b + 2 = 2*b. Calculate the remainder when c(-1) is divided by r(b).
1
Let u(g) = -g**2 + 11*g - 2. Let y be u(8). Let t = y - 9. Calculate the remainder when 2 - -33 - 1*-2 is divided by t.
11
Suppose -3*a + 0 = -9. Suppose v = -a*v + 28. What is the remainder when 20 is divided by v?
6
Let k(t) = -5*t - 28. Calculate the remainder when 20 is divided by k(-7).
6
Suppose -5*a + 114 = -181. Calculate the remainder when a is divided by 12.
11
Suppose s = -5*a + 51, -2*s + s + 29 = 3*a. Calculate the remainder when 65 is divided by a.
10
Suppose 2*k = -6, 2 = 5*i - 4*k - 25. Suppose 5*p = 2*b - 79, -i*b + p = -0*p - 86. What is the remainder when b is divided by 5?
2
Suppose 2*n - 5*n - 18 = 0. Calculate the remainder when n/(-39) + (-334)/(-26) is divided by (-14)/((-3 - -2) + -1).
6
Suppose 34 + 22 = 2*b. Let a(x) = 19*x + 8. Let y(w) = -13*w - 5. Let z(n) = -5*a(n) - 7*y(n). Calculate the remainder when b is divided by z(-5).
13
Let j(m) = 9*m - 31. Calculate the remainder when j(13) is divided by 22.
20
Let f = -15 - -28. Let q = -50 - -86. Calculate the remainder when q is divided by f.
10
Suppose -10 = -3*d - 1. Calculate the remainder when (372/18)/(2/d) is divided by 11.
9
Let c(n) = -3*n**3 + n. Let p be c(-1). Suppose 0 = -2*o + 3*t - 50, -o - 3*o - p*t - 132 = 0. Let k = o + 44. Calculate the remainder when k is divided by 5.
3
Let c(f) = -31*f**3. Let l be (5 - 2) + (-8)/2. Let h = -16 - -27. What is the remainder when c(l) is divided by h?
9
Suppose 3*b - 28 = 32. Suppose 76 = 4*r + b. Calculate the remainder when 27 is divided by r.
13
Suppose -3*n + 9 = 0, 0 = -m + 3*n + 8 + 3. Calculate the remainder when m is divided by 8.
4
Let s(j) = 6*j**3 + j**2 - j + 1. Suppose -7*y = 10*y - 204. Calculate the remainder when y is divided by s(1).
5
Let h(x) = 8*x + 7. What is the remainder when 12 is divided by h(0)?
5
Suppose -4*w + 11 + 17 = 0. Suppose q = 2*q - w. Calculate the remainder when q is divided by 4.
3
Let t = 8 - -10. Let y = 9 + t. Calculate the remainder when y is divided by 10.
7
Let t(p) = -4*p + 4. What is the remainder when t(-3) is divided by (0 + 0 + 9)*1?
7
Let a(b) = b**2 - 17*b + 35. What is the remainder when 28 is divided by a(16)?
9
Let c = -16 + 30. Suppose k + 0*q + 4*q = 31, -5*q = -3*k + 76. Calculate the remainder when k is divided by c.
13
Let x(q) = -q**3 + 8*q**2 + 2*q - 2. Let k be x(8). Let s be (21/k)/((-6)/(-128)). Suppose 2*y - 4*y = -s. Calculate the remainder when 30 is divided by y.
14
Suppose 0 = 2*j + 3*k - 17, -5 - 14 = -j - 5*k. Suppose 0 = -4*v + 5*d + 101, -87 = -4*v - j*d - 31. What is the remainder when v is divided by 5?
4
Let s(i) = i**2 - 3*i + 1. What is the remainder when 12 is divided by s(4)?
2
What is the remainder when 58*(-10)/(-8)*(-18)/(-15) is divided by 9?
6
Let d(c) = -3*c - 8. Let t be (-4)/(-14) - 1138/14. Let p = -56 - t. Calculate the remainder when p is divided by d(-7).
12
Suppose -4*m + m + 6 = 0. Suppose 4 + 50 = m*w. What is the remainder when w is divided by 7?
6
Suppose -o - 5*l + 10*l - 5 = 0, 0 = -4*o + l + 18. What is the remainder when 18 is divided by o?
3
Let b(f) = -f**3 - 9*f**2 + 16*f. Calculate the remainder when b(-11) is divided by 17.
15
Let u(d) = 35*d + 17. What is the remainder when u(2) is divided by 18?
1